What is the tens digit of 9281?
8
What is the hundreds digit of 83851?
8
What is the units digit of 3923?
3
What is the units digit of 1824?
4
What is the units digit of 1125?
5
What is the tens digit of 415?
1
What is the units digit of 611?
1
What is the hundreds digit of 3531?
5
What is the ten thousands digit of 36695?
3
What is the units digit of 442?
2
What is the units digit of 3663?
3
What is the units digit of 4904?
4
What is the hundreds digit of 8995?
9
What is the tens digit of 51432?
3
What is the units digit of 6891?
1
What is the units digit of 4578?
8
What is the thousands digit of 6059?
6
What is the hundreds digit of 4641?
6
What is the tens digit of 35908?
0
What is the hundreds digit of 8431?
4
What is the hundreds digit of 225?
2
What is the hundreds digit of 17706?
7
What is the tens digit of 2671?
7
What is the units digit of 812?
2
What is the hundreds digit of 1365?
3
What is the ten thousands digit of 38312?
3
What is the thousands digit of 7946?
7
What is the ten thousands digit of 55646?
5
What is the units digit of 961?
1
What is the tens digit of 23015?
1
What is the tens digit of 161?
6
What is the units digit of 165?
5
What is the hundreds digit of 2656?
6
What is the units digit of 3887?
7
What is the tens digit of 21700?
0
What is the thousands digit of 92158?
2
What is the thousands digit of 20499?
0
What is the units digit of 306?
6
What is the tens digit of 60469?
6
What is the ten thousands digit of 13095?
1
What is the tens digit of 635?
3
What is the hundreds digit of 579?
5
What is the units digit of 941?
1
What is the units digit of 13391?
1
What is the ten thousands digit of 15132?
1
What is the hundreds digit of 48057?
0
What is the thousands digit of 1376?
1
What is the hundreds digit of 488?
4
What is the hundreds digit of 19213?
2
What is the hundreds digit of 175?
1
What is the units digit of 850?
0
What is the hundreds digit of 14492?
4
What is the thousands digit of 21756?
1
What is the tens digit of 2103?
0
What is the thousands digit of 1154?
1
What is the units digit of 21082?
2
What is the thousands digit of 1208?
1
What is the ten thousands digit of 87023?
8
What is the ten thousands digit of 10399?
1
What is the thousands digit of 1737?
1
What is the tens digit of 986?
8
What is the tens digit of 986?
8
What is the units digit of 20745?
5
What is the tens digit of 3070?
7
What is the units digit of 9483?
3
What is the units digit of 2076?
6
What is the tens digit of 4774?
7
What is the tens digit of 12310?
1
What is the units digit of 523?
3
What is the hundreds digit of 1221?
2
What is the units digit of 840?
0
What is the tens digit of 697?
9
What is the ten thousands digit of 15414?
1
What is the units digit of 98579?
9
What is the tens digit of 28484?
8
What is the hundreds digit of 1524?
5
What is the tens digit of 16413?
1
What is the tens digit of 80437?
3
What is the tens digit of 41471?
7
What is the tens digit of 100741?
4
What is the units digit of 1437?
7
What is the ten thousands digit of 23632?
2
What is the ten thousands digit of 34092?
3
What is the thousands digit of 2633?
2
What is the tens digit of 11046?
4
What is the units digit of 1105?
5
What is the units digit of 3381?
1
What is the units digit of 612?
2
What is the tens digit of 13434?
3
What is the hundreds digit of 9154?
1
What is the tens digit of 835?
3
What is the ten thousands digit of 61341?
6
What is the thousands digit of 19815?
9
What is the hundreds digit of 57664?
6
What is the hundreds digit of 9560?
5
What is the ten thousands digit of 92551?
9
What is the hundreds digit of 6269?
2
What is the hundreds digit of 1641?
6
What is the units digit of 790?
0
What is the hundreds digit of 3600?
6
What is the units digit of 3698?
8
What is the tens digit of 190?
9
What is the thousands digit of 33403?
3
What is the units digit of 43138?
8
What is the tens digit of 54633?
3
What is the thousands digit of 60743?
0
What is the hundreds digit of 821?
8
What is the ten thousands digit of 11461?
1
What is the thousands digit of 30153?
0
What is the units digit of 22407?
7
What is the units digit of 1944?
4
What is the thousands digit of 1111?
1
What is the thousands digit of 1047?
1
What is the tens digit of 3025?
2
What is the hundreds digit of 3878?
8
What is the thousands digit of 8254?
8
What is the units digit of 115424?
4
What is the tens digit of 15521?
2
What is the tens digit of 557?
5
What is the thousands digit of 10173?
0
What is the hundreds digit of 2305?
3
What is the hundreds digit of 16575?
5
What is the units digit of 269?
9
What is the units digit of 209?
9
What is the tens digit of 82?
8
What is the hundreds digit of 451?
4
What is the units digit of 17933?
3
What is the units digit of 886?
6
What is the units digit of 1078?
8
What is the hundreds digit of 3405?
4
What is the units digit of 163226?
6
What is the tens digit of 29265?
6
What is the tens digit of 10501?
0
What is the hundreds digit of 82149?
1
What is the thousands digit of 31091?
1
What is the units digit of 23469?
9
What is the tens digit of 4604?
0
What is the hundreds digit of 1059?
0
What is the hundreds digit of 245?
2
What is the hundreds digit of 1076?
0
What is the thousands digit of 3226?
3
What is the tens digit of 2580?
8
What is the tens digit of 12210?
1
What is the tens digit of 66?
6
What is the hundreds digit of 240?
2
What is the units digit of 360?
0
What is the thousands digit of 2506?
2
What is the tens digit of 35657?
5
What is the hundreds digit of 2025?
0
What is the units digit of 5409?
9
What is the thousands digit of 2536?
2
What is the units digit of 7357?
7
What is the hundreds digit of 3650?
6
What is the hundreds digit of 17252?
2
What is the thousands digit of 44729?
4
What is the ten thousands digit of 16498?
1
What is the hundreds digit of 20859?
8
What is the tens digit of 2020?
2
What is the units digit of 23414?
4
What is the tens digit of 452?
5
What is the units digit of 3338?
8
What is the hundreds digit of 9525?
5
What is the hundreds digit of 976?
9
What is the units digit of 648?
8
What is the tens digit of 21170?
7
What is the tens digit of 20280?
8
What is the thousands digit of 16106?
6
What is the ten thousands digit of 11570?
1
What is the thousands digit of 156808?
6
What is the thousands digit of 1851?
1
What is the units digit of 28862?
2
What is the thousands digit of 14364?
4
What is the ten thousands digit of 73335?
7
What is the units digit of 27717?
7
What is the units digit of 12412?
2
What is the hundreds digit of 8855?
8
What is the tens digit of 1268?
6
What is the units digit of 17?
7
What is the units digit of 35575?
5
What is the hundreds digit of 25763?
7
What is the tens digit of 604?
0
What is the tens digit of 5385?
8
What is the tens digit of 1264?
6
What is the units digit of 72721?
1
What is the ten thousands digit of 31567?
3
What is the tens digit of 4641?
4
What is the thousands digit of 111890?
1
What is the tens digit of 39335?
3
What is the hundreds digit of 59978?
9
What is the units digit of 399?
9
What is the hundreds digit of 355?
3
What is the tens digit of 11757?
5
What is the hundreds digit of 161?
1
What is the units digit of 5498?
8
What is the units digit of 55?
5
What is the hundreds digit of 3148?
1
What is the units digit of 33880?
0
What is the units digit of 27302?
2
What is the ten thousands digit of 26995?
2
What is the units digit of 393?
3
What is the units digit of 660?
0
What is the tens digit of 736?
3
What is the thousands digit of 6779?
6
What is the thousands digit of 2273?
2
What is the units digit of 56715?
5
What is the hundreds digit of 3229?
2
What is the units digit of 31989?
9
What is the units digit of 3119?
9
What is the thousands digit of 1215?
1
What is the thousands digit of 1479?
1
What is the units digit of 4692?
2
What is the tens digit of 4820?
2
What is the thousands digit of 63465?
3
What is the units digit of 4902?
2
What is the tens digit of 8378?
7
What is the tens digit of 446?
4
What is the units digit of 806?
6
What is the units digit of 1335?
5
What is the hundreds digit of 1577?
5
What is the units digit of 54149?
9
What is the tens digit of 3006?
0
What is the thousands digit of 67613?
7
What is the 